 t(0). Suppose -4*o - 289 = -f. What is the units digit of o?
0
Let b = 76 + -116. Let d be b/12*(-48)/(-5). What is the units digit of (-24)/d - 3111/(-12)?
0
Let h(x) = 1471*x - 359. What is the thousands digit of h(6)?
8
Suppose -3*l = 5*l - 88. Suppose l*v - v - 640 = 0. Let z = -27 + v. What is the tens digit of z?
3
Let s(d) = -d + 19. Let w be s(5). Suppose -w*x = -13*x - 180. Suppose -o = -4*h + x, 2*o - 4*o = -3*h + 130. What is the tens digit of h?
4
Let d(f) = 247*f**2 - 196*f + 24. What is the hundreds digit of d(8)?
2
Suppose -k = -117 - 383. Let j = k - 499. What is the units digit of j?
1
Suppose -4*k - 567 + 41182 = -221. What is the units digit of k?
9
Let h = 699 - 144. Suppose -h = -16*r + 11*r. What is the units digit of r?
1
Suppose -2*v - 91 = -55. Let t be v/5*(-5)/2. Suppose 5*z - 49 + t = 0. What is the units digit of z?
8
Let x(o) = 2*o**3 + 15*o**2 - 8*o. Let p be x(-8). Suppose -k - 14*c + 11*c + 313 = p, k = -c + 315. What is the hundreds digit of k?
3
Let t(a) = 2*a**2 - 3*a - 5. Let m be t(7). Suppose g + 2*j + m = -63, 4*j = g + 111. Let k = g - -257. What is the hundreds digit of k?
1
Let h(o) = -19*o**2 + 11*o + 2. Let c(g) = 9*g**2 - 5*g - 1. Let r(i) = 9*c(i) + 4*h(i). Let j be r(-1). What is the tens digit of 672/j - 6*6/90?
3
Let z(c) = 8*c**2 + 17*c - 10. Let u be z(-16). Suppose 10*k = u + 774. What is the tens digit of k?
5
Let z be (-9)/12 - (-11)/4. Suppose z*u + 2*g - 14 = 0, u = 5*u + g - 28. Suppose 1170 = u*q - 202. What is the tens digit of q?
9
Let x(g) = 2970*g - 1595. What is the ten thousands digit of x(5)?
1
Suppose 126 = 4*g - 162. Let r = g - 50. What is the tens digit of r?
2
Let w(r) = -3621*r + 2121. What is the ten thousands digit of w(-4)?
1
Suppose -16431 = -5*r - 5*a + 21724, 3*r + 2*a = 22893. What is the tens digit of r?
3
Suppose -179*z + 1666980 = z. What is the tens digit of z?
6
What is the thousands digit of (46123/21 - 7)/((15/(-54))/(-5))?
9
Let q(d) = 2368*d**3 + 4*d**2 + 157*d - 319. What is the tens digit of q(2)?
5
What is the thousands digit of 1091104/96 - (-21)/9?
1
Let y = 23 - 10. Suppose -5*d + 2*v + 1969 = 0, -11*d - 796 = -y*d + 5*v. What is the tens digit of d?
9
Suppose 42*g + 395336 - 1171795 = 1158649. What is the ten thousands digit of g?
4
Let q(h) = h**3 + 2*h - 87. Let t = -58 - -58. Let y be q(t). Let a = y + 257. What is the hundreds digit of a?
1
Let m be 2*2/(-12) - 156/(-36). Suppose 3*u - 2484 = -z, 4140 = 5*u - m*z - z. What is the hundreds digit of u?
8
Let d(t) = -2*t**2 + 8*t + 3. Let l be d(-5). Suppose 30 = -2*o + 12*o. What is the tens digit of ((48/o)/(-4))/(6/l)?
5
Let d be (-4)/(-3)*(0 + -3). Let u be d + (4 + 1)*(-154)/5. Let g = u + 247. What is the tens digit of g?
8
Suppose b - 26 = -4*s, 4*b - 104 = -4*s - 0*s. Let q(v) = 15 - 11 + 27 + 3*v + b. What is the tens digit of q(0)?
5
Let g = 1045 + -1042. Suppose -3*m = -4*m + 58. Let x = m + g. What is the tens digit of x?
6
What is the units digit of (25/((-750)/910))/(((-6)/(-3))/(-762))?
7
Suppose -5*p - 3 = -4*x, p - 5*x = -0 + 12. Let f be 377/39 - (-2)/p. Suppose -212 = f*a - 13*a. What is the tens digit of a?
5
Let j(z) = 20 - 20 - 33*z - 11. Suppose -3*p + 6 = -3*d, d = 2*p + 6*d + 31. What is the units digit of j(p)?
8
Suppose 3*p - 33564 = -7*k, -p + 4*k - 5*k = -11196. What is the units digit of p?
2
Suppose -529 + 36655 = 18*s. Let j = s + -1018. What is the units digit of j?
9
Let t(j) = -5*j - 7. Let f be t(-2). Let q = -1 + f. Let u(d) = 31*d - 5. What is the units digit of u(q)?
7
Let n be 3 + (4/(-4) - 0). Let j be (-4 - n)/(6/(-9)). What is the tens digit of 717/j + -2 + (-12)/(-9)?
7
Let c(t) = -58*t + 290. Let l be c(5). Suppose l = 20*q - 1710 - 3570. What is the units digit of q?
4
Suppose -6*w - 3*q = -3*w - 18, w - q = 4. Suppose w*m = 3*k + 3757, -2*m + 1509 = -0*m + 5*k. What is the tens digit of m?
5
Suppose 0*x - 96 = -16*x. What is the units digit of 2697/18 - ((-7)/x - -1)?
0
Let n(q) = q**3 + 5*q**2 - 12*q - 4. Let y be n(-7). Let z be (-4)/y - 482/(-18). Suppose -z = 3*b - 201. What is the units digit of b?
8
Let h = 310 + -4. Let c = -44 + h. What is the hundreds digit of c?
2
Suppose -23*y + 9854 = -10*y. Let x = 185 + y. What is the tens digit of x?
4
Suppose -8*y + 21766 + 680162 = 64*y. What is the tens digit of y?
4
Suppose 55 = 2*p - 65. Let d = p + -26. Suppose 38*k - 628 = d*k. What is the units digit of k?
7
Let a be (-68)/28 - -2 - 38/(-7). Suppose a*k - 3*k = 10. Suppose 2*v + 2*d = d + 75, 4*v = k*d + 185. What is the tens digit of v?
4
Let y be (-5448)/60 + 2/(-10). Let x = 89 + y. What is the tens digit of 6/(-3*x/16) + 1?
1
Suppose 410 = 19*m + 125. Let g(a) = -a**3 + 14*a**2 + 18*a - 1. What is the units digit of g(m)?
4
Suppose -110*w = -106*w - 2*d - 131086, -3*w + 98313 = -3*d. What is the hundreds digit of w?
7
Let i(w) = -96*w**3 + 3*w**2 - 2*w - 57. What is the thousands digit of i(-4)?
6
Let p(f) = 9*f - 112. Let s be p(12). What is the tens digit of ((-6)/s)/((-15)/(-5190))?
1
Let l(u) = 2*u**2 + 10*u - 7. Let h(o) be the first derivative of o**3/3 + 5*o**2/2 - 18*o - 21. Let k be h(-6). What is the hundreds digit of l(k)?
1
Let z(x) = -55*x + 85. Let c be z(-25). Suppose -2023 = -5*r + 2*v, 3*r + 3*v + 242 = c. What is the hundreds digit of r?
4
What is the thousands digit of 22812/18 - (3 - 10/6)?
1
Let f = -155 + 151. Let v(i) = -i**3 - i**2 + 4*i + 4. Let s be v(-3). Let x = f + s. What is the units digit of x?
6
Let j = 248 + -10. Suppose -j = -n + 189. What is the units digit of n?
7
Suppose 0 = -3*j + t + 13, 0*t - 11 = -j - 3*t. Suppose -j*s + 4*b = -4, 2*b + 8 = 5*s - 4. What is the units digit of (-122*s/8)/(-1)?
1
Let k(d) = 25*d**2 + 73*d - 20. Suppose 4*z = 2*y + 24, z - 4*z = -3*y - 15. What is the hundreds digit of k(z)?
7
Let r(c) = c + 20. Let w be r(-12). Suppose -10*g + w*g + 3*m = 306, 5*m = 2*g + 314. Let d = g + 260. What is the hundreds digit of d?
1
Suppose 1940 = 322*g - 318*g. Let a = 1449 - g. What is the tens digit of a?
6
Let m(f) = 12*f**2 + 53*f + 1665. What is the hundreds digit of m(-36)?
3
Let s(f) = -4*f + 1. Let z = -16 + 11. Let k = -9 - z. What is the tens digit of s(k)?
1
What is the hundreds digit of 8/((8 - 7)/(2/2)) - -7103?
1
Let q(y) = -2*y - 139 - 3*y - 2*y + 6*y**2 + 144. Let c = 5 + -2. What is the units digit of q(c)?
8
Let y be (34/102)/(1/30). What is the units digit of (15 - 10 - y) + -1 + 428?
2
Suppose 3*a = 5*x - 36112, 5*x + 5*a - 6883 - 29237 = 0. What is the thousands digit of x?
7
Suppose 5*s - 10 = -3*z, 20 = -s - 13*z + 8*z. Suppose f + 12*c = 9*c + 188, 0 = s*f + c - 898. What is the tens digit of f?
7
Let f(c) = 13*c + 8. Let a(d) = 12*d + 8. Let u(x) = 5*a(x) - 6*f(x). Let s be u(-11). Suppose 0 = 10*n - 100 - s. What is the units digit of n?
9
Suppose 7*w - 3*w - 1524 = 0. Let b = w - 132. Suppose 2*j - 129 = b. What is the units digit of j?
9
Suppose 4 = -5*w + 7*w. Let a be ((-172)/w)/(17 + -19). Let c = 85 - a. What is the tens digit of c?
4
Let x(z) = -26 + 8*z - 52 + 41 + 12*z. What is the hundreds digit of x(24)?
4
Let m be 56/(-16)*8/(-7). Suppose -2*u = m*r - 22, 3*r - 16 = -u - u. What is the hundreds digit of (2/r*1)/((-4)/(-1356))?
1
Suppose 3*p + 5*z - 4*z - 5 = 0, -7 = p - 4*z. What is the hundreds digit of 3*p + 3936/12?
3
Suppose -n + 3*c = -7, 3*n + 3*c - 14 = -41. Let t = 5 + n. Suppose t*r + 354 = 3*v + 3*r, 2*v = -5*r + 224. What is the tens digit of v?
2
Suppose 105*y = -114*y + 247*y - 950740. What is the hundreds digit of y?
9
Suppose -1205 - 2439 = 4*s. Let n = -20 - s. What is the tens digit of n?
9
Let i(n) = 19*n**2 + 56*n - 1. Let m = -85 + 89. Let r(t) = 6*t**2 + 19*t. Let g(k) = m*i(k) - 11*r(k). What is the units digit of g(3)?
1
Let l(p) = p**3 - 7*p**2 + 2. Let o be l(7). Suppose -o*i + 8 + 12 = 0. Suppose -14*q + 340 = -i*q. What is the units digit of q?
5
Suppose -2*u - x + 2*x = -13092, 6548 = u - x. What is the thousands digit of u?
6
Let w(a) = 18*a**3 + a**2 - 2*a + 4. Let s be 130 - ((-63)/12)/7*-4. Suppose 0 = -122*g + s*g - 10. What is the units digit of w(g)?
8
Let o be 4/6*(-8 - -5). Let w be -1*(1 + -3) - (-5 - o). Suppose 63 = w*j + 13. What is the units digit of j?
0
Let l be (-15 + 15)/(21/(-3)). Suppose 0 = -l*f + f 